{"id":149,"date":"2016-12-16T21:15:27","date_gmt":"2016-12-16T21:15:27","guid":{"rendered":"http:\/\/rimera.eu\/?page_id=149"},"modified":"2016-12-16T21:34:20","modified_gmt":"2016-12-16T21:34:20","slug":"toootsija-meelespea","status":"publish","type":"page","link":"https:\/\/rimera.eu\/index.php\/toootsija-meelespea\/","title":{"rendered":"T\u00f6\u00f6otsija meelespea"},"content":{"rendered":"<ul>\n<li>Suhtu t\u00f6\u00f6otsinguprotsessi \u00e4\u00e4rmise asjalikkusega ja t\u00f5sidusega! See millisena ennast esitled, saab justkui Sinu visiitkaardiks;<\/li>\n<\/ul>\n<ul>\n<li>T\u00e4ida t\u00f6\u00f6otsija ankeedis k\u00f5ik l\u00fcngad ja m\u00f5tle l\u00e4bi iga sinna kirjutatav tekst. See v\u00f5ib saada otsustavaks v\u00e4rbamisprotsessis, kus Teid k\u00f5rvutatakse konkureeriva kandideerijaga;<\/li>\n<\/ul>\n<ul>\n<li>Kui koostate eraldi CV ehk elulookirjelduse, m\u00f5elge l\u00e4bi ja lisage detailselt oma eelnevad kogemused ja ametialased oskused, lisage juurde l\u00fchike ja detailne kirjeldus;<\/li>\n<\/ul>\n<ul>\n<li>Kui t\u00f6\u00f6otsijaga lepitakse kokku t\u00f6\u00f6vestlus, ole kohal \u00f5igeaegselt, \u00e4ra hiline! V\u00f5i kui hilined, kindlasti teavita v\u00f5imalikult aegsasti;<\/li>\n<\/ul>\n<ul>\n<li>T\u00f6\u00f6vestlusele tulles valmistu ette, m\u00f5tle l\u00e4bi ametikohale kandideerimise eeldused &#8211; miks usud ennast olevat sobiv isik kandideeritavale kohale. M\u00f5tle valmis ka oma tugevused ja \u00e4ra karda r\u00e4\u00e4kida ka omadustest mis vajavad t\u00e4iendamist, tea oma motivatsioonikriteeriume;<\/li>\n<\/ul>\n<ul>\n<li>T\u00f6\u00f6vestlusele tulles riietu viisakalt, \u00e4ra ennast \u00fcle l\u00f5hnasta, ole puhas;<\/li>\n<\/ul>\n<ul>\n<li>T\u00f6\u00f6vestlusel oska kuulata ja k\u00fcsida k\u00fcsimusi selleks \u00f5igel ajal, \u00e4ra katkesta intervjueerijat ja \u00e4ra mine jutustamisega liialt hoogu! ;<\/li>\n<\/ul>\n<ul>\n<li>K\u00fcsi t\u00f6\u00f6vestlusel t\u00f6\u00f6 sisu puudutavaid ja muid asjakohaseid k\u00fcsimusi, see n\u00e4itab Sinu fokusseeritust ja huvi kandideeritava ametikoha osas;<\/li>\n<\/ul>\n<ul>\n<li>Ole viisakas ja taktitundeline;<\/li>\n<\/ul>\n","protected":false},"excerpt":{"rendered":"<p>Suhtu t\u00f6\u00f6otsinguprotsessi \u00e4\u00e4rmise asjalikkusega ja t\u00f5sidusega! See millisena ennast esitled, saab justkui Sinu visiitkaardiks; T\u00e4ida t\u00f6\u00f6otsija ankeedis k\u00f5ik l\u00fcngad ja m\u00f5tle l\u00e4bi iga sinna kirjutatav tekst. See v\u00f5ib saada otsustavaks v\u00e4rbamisprotsessis, kus Teid k\u00f5rvutatakse konkureeriva kandideerijaga; Kui koostate eraldi CV ehk elulookirjelduse, m\u00f5elge l\u00e4bi ja lisage detailselt oma eelnevad kogemused ja ametialased oskused, lisage juurde [&hellip;]<\/p>\n","protected":false},"author":1,"featured_media":0,"parent":0,"menu_order":0,"comment_status":"closed","ping_status":"closed","template":"toootsijatele-template.php","meta":{"footnotes":""},"class_list":["post-149","page","type-page","status-publish","hentry"],"acf":[],"_links":{"self":[{"href":"https:\/\/rimera.eu\/index.php\/wp-json\/wp\/v2\/pages\/149","targetHints":{"allow":["GET"]}}],"collection":[{"href":"https:\/\/rimera.eu\/index.php\/wp-json\/wp\/v2\/pages"}],"about":[{"href":"https:\/\/rimera.eu\/index.php\/wp-json\/wp\/v2\/types\/page"}],"author":[{"embeddable":true,"href":"https:\/\/rimera.eu\/index.php\/wp-json\/wp\/v2\/users\/1"}],"replies":[{"embeddable":true,"href":"https:\/\/rimera.eu\/index.php\/wp-json\/wp\/v2\/comments?post=149"}],"version-history":[{"count":4,"href":"https:\/\/rimera.eu\/index.php\/wp-json\/wp\/v2\/pages\/149\/revisions"}],"predecessor-version":[{"id":162,"href":"https:\/\/rimera.eu\/index.php\/wp-json\/wp\/v2\/pages\/149\/revisions\/162"}],"wp:attachment":[{"href":"https:\/\/rimera.eu\/index.php\/wp-json\/wp\/v2\/media?parent=149"}],"curies":[{"name":"wp","href":"https:\/\/api.w.org\/{rel}","templated":true}]}}