{"id":94,"date":"2016-10-03T19:48:07","date_gmt":"2016-10-03T19:48:07","guid":{"rendered":"http:\/\/rimera.eu\/?page_id=94"},"modified":"2021-11-24T09:19:05","modified_gmt":"2021-11-24T09:19:05","slug":"vabad-tookohad","status":"publish","type":"page","link":"https:\/\/rimera.eu\/index.php\/vabad-tookohad\/","title":{"rendered":"Kuldallika loodus spa- tule veeda asine ja l\u00f5\u00f5gastav p\u00e4ev koolitus-spa\u00b4s."},"content":{"rendered":"<p>[wpjb_jobs_list search_bar=&#8221;enabled&#8221;]<\/p>\n<p>Oleme avanud looduskeskse seminari ja koolituse maja Tallinnast 35 km kaugusel mere\u00e4\u00e4rses piirkonnas, Kaberneeme vahetus l\u00e4heduses.<\/p>\n<p>Tegemist on p\u00e4evaspaa t\u00fc\u00fcpi teenindushoonega, kus on v\u00f5imalik korraldada kontoriv\u00e4liseid meeskonna\u00fcritusi, v\u00e4ikeiseid seminare, kokkusaamisi, mida troonib p\u00e4eva l\u00f5pus l\u00f5\u00f5gastus k\u00fcmblust\u00fcnnis, leili- ja aurusaunas.<\/p>\n<p>Lubage oma meeskonnale seda meeldivat vaheldust, et \u00fchendage kasulik ja meeldiv.<\/p>\n<p>Loodusspa valmimist on toetanud PRIA, MAK meetmega 6.4, Eesti maaelu arengukava 2014-2020 \u00fchise p\u00f5llumajanduspoliitika kohase maaelu arengu eesm\u00e4rgiga.<br \/>\nLoodusspa projekti eesm\u00e4rk ja oodatav tulemus on elavdada ettev\u00f5tlust Kuusalu vallas. Kasvatada piirkonnas inimeste liikumist, mis toob kasu ka \u00fcmberkaudsetele ettev\u00f5tetele. Lisaks projekti kohane t\u00f6\u00f6koha loomine.<\/p>\n<p><img decoding=\"async\" src=\"https:\/\/www.agri.ee\/sites\/default\/files\/pictures\/logo\/logo-mak-2014-2020-h-col-eu-text.jpg\" \/><\/p>\n","protected":false},"excerpt":{"rendered":"<p>[wpjb_jobs_list search_bar=&#8221;enabled&#8221;] Oleme avanud looduskeskse seminari ja koolituse maja Tallinnast 35 km kaugusel mere\u00e4\u00e4rses piirkonnas, Kaberneeme vahetus l\u00e4heduses. Tegemist on p\u00e4evaspaa t\u00fc\u00fcpi teenindushoonega, kus on v\u00f5imalik korraldada kontoriv\u00e4liseid meeskonna\u00fcritusi, v\u00e4ikeiseid seminare, kokkusaamisi, mida troonib p\u00e4eva l\u00f5pus l\u00f5\u00f5gastus k\u00fcmblust\u00fcnnis, leili- ja aurusaunas. Lubage oma meeskonnale seda meeldivat vaheldust, et \u00fchendage kasulik ja meeldiv. Loodusspa valmimist on [&hellip;]<\/p>\n","protected":false},"author":1,"featured_media":105,"parent":0,"menu_order":0,"comment_status":"closed","ping_status":"closed","template":"tookohad-template.php","meta":{"footnotes":""},"class_list":["post-94","page","type-page","status-publish","has-post-thumbnail","hentry"],"acf":[],"_links":{"self":[{"href":"https:\/\/rimera.eu\/index.php\/wp-json\/wp\/v2\/pages\/94","targetHints":{"allow":["GET"]}}],"collection":[{"href":"https:\/\/rimera.eu\/index.php\/wp-json\/wp\/v2\/pages"}],"about":[{"href":"https:\/\/rimera.eu\/index.php\/wp-json\/wp\/v2\/types\/page"}],"author":[{"embeddable":true,"href":"https:\/\/rimera.eu\/index.php\/wp-json\/wp\/v2\/users\/1"}],"replies":[{"embeddable":true,"href":"https:\/\/rimera.eu\/index.php\/wp-json\/wp\/v2\/comments?post=94"}],"version-history":[{"count":3,"href":"https:\/\/rimera.eu\/index.php\/wp-json\/wp\/v2\/pages\/94\/revisions"}],"predecessor-version":[{"id":301,"href":"https:\/\/rimera.eu\/index.php\/wp-json\/wp\/v2\/pages\/94\/revisions\/301"}],"wp:featuredmedia":[{"embeddable":true,"href":"https:\/\/rimera.eu\/index.php\/wp-json\/wp\/v2\/media\/105"}],"wp:attachment":[{"href":"https:\/\/rimera.eu\/index.php\/wp-json\/wp\/v2\/media?parent=94"}],"curies":[{"name":"wp","href":"https:\/\/api.w.org\/{rel}","templated":true}]}}